{"id":2353,"date":"2025-04-07T20:29:06","date_gmt":"2025-04-07T18:29:06","guid":{"rendered":"https:\/\/unmundo.org\/?page_id=2353"},"modified":"2025-04-30T16:06:16","modified_gmt":"2025-04-30T14:06:16","slug":"nuestra-historia","status":"publish","type":"page","link":"https:\/\/unmundo.org\/en\/nuestra-historia\/","title":{"rendered":"Our history"},"content":{"rendered":"<div data-elementor-type=\"wp-page\" data-elementor-id=\"2353\" class=\"elementor elementor-2353\" data-elementor-post-type=\"page\">\n\t\t\t\t<div class=\"elementor-element elementor-element-c907d37 e-flex e-con-boxed e-con e-parent\" data-id=\"c907d37\" data-element_type=\"container\">\n\t\t\t\t\t<div class=\"e-con-inner\">\n\t\t\t\t<div class=\"elementor-element elementor-element-7ad4350 elementor-widget elementor-widget-html\" data-id=\"7ad4350\" data-element_type=\"widget\" data-widget_type=\"html.default\">\n\t\t\t\t<div class=\"elementor-widget-container\">\n\t\t\t\t\t<div class=\"bg-light p-4 rounded\">\r\n  <h3 class=\"text-secondary fw-bold mb-3\"><i class=\"fas fa-history text-secondary me-2\"><\/i> Our Track Record<\/h3>\r\n  <div class=\"position-relative\">\r\n    <div class=\"position-absolute top-0 start-0 ms-3 bg-primary\" style=\"width: 2px; height: 100%;\"><\/div>\r\n    <ul class=\"list-unstyled m-0\">\r\n      <li class=\"mb-3 d-flex\">\r\n        <div class=\"flex-shrink-0 me-3\">\r\n          <div class=\"bg-primary rounded-circle d-flex align-items-center justify-content-center text-white fw-bold small\" style=\"width: 2rem; height: 2rem;\">.<\/div>\r\n        <\/div>\r\n        <div class=\"flex-grow-1\">\r\n          <p class=\"text-dark mb-1\"><strong>1991<\/strong> - Arrival of Joseph Kenneth Hutz to the region. (Co-founder of Un Mundo)<\/p>\r\n        <\/div>\r\n      <\/li>\r\n      <li class=\"mb-3 d-flex\">\r\n        <div class=\"flex-shrink-0 me-3\">\r\n          <div class=\"bg-primary rounded-circle d-flex align-items-center justify-content-center text-white fw-bold small\" style=\"width: 2rem; height: 2rem;\">.<\/div>\r\n        <\/div>\r\n        <div class=\"flex-grow-1\">\r\n          <p class=\"text-dark mb-1\"><strong>1991-2001<\/strong> - Working on specific projects, laying the foundations of our work.<\/p>\r\n        <\/div>\r\n      <\/li>\r\n      <li class=\"mb-3 d-flex\">\r\n        <div class=\"flex-shrink-0 me-3\">\r\n          <div class=\"bg-primary rounded-circle d-flex align-items-center justify-content-center text-white fw-bold small\" style=\"width: 2rem; height: 2rem;\">.<\/div>\r\n        <\/div>\r\n        <div class=\"flex-grow-1\">\r\n          <p class=\"text-dark mb-1\"><strong>2001<\/strong> - Constitution legal in California and definition of our long-term vision.<\/p>\r\n        <\/div>\r\n      <\/li>\r\n      <li class=\"mb-3 d-flex\">\r\n        <div class=\"flex-shrink-0 me-3\">\r\n          <div class=\"bg-primary rounded-circle d-flex align-items-center justify-content-center text-white fw-bold small\" style=\"width: 2rem; height: 2rem;\">.<\/div>\r\n        <\/div>\r\n        <div class=\"flex-grow-1\">\r\n          <p class=\"text-dark mb-1\"><strong>2008-2009<\/strong> - Construction of offices and launched new projects key: Institute Elvira Pineda Madrid, Women, Arte_R\u00edo, ASEC and Library.<\/p>\r\n        <\/div>\r\n      <\/li>\r\n      <li class=\"mb-3 d-flex\">\r\n        <div class=\"flex-shrink-0 me-3\">\r\n          <div class=\"bg-primary rounded-circle d-flex align-items-center justify-content-center text-white fw-bold small\" style=\"width: 2rem; height: 2rem;\">.<\/div>\r\n        <\/div>\r\n        <div class=\"flex-grow-1\">\r\n          <p class=\"text-dark mb-1\"><strong>2010-2014<\/strong> - Transici\u00f3n de liderazgo local y nuevos proyectos: Parteras, Nuevos Horizontes, Sistema de Agua y Bibliobandido.<\/p>\r\n        <\/div>\r\n      <\/li>\r\n      <li class=\"mb-3 d-flex\">\r\n        <div class=\"flex-shrink-0 me-3\">\r\n          <div class=\"bg-primary rounded-circle d-flex align-items-center justify-content-center text-white fw-bold small\" style=\"width: 2rem; height: 2rem;\">.<\/div>\r\n        <\/div>\r\n        <div class=\"flex-grow-1\">\r\n          <p class=\"text-dark mb-1\"><strong>2014<\/strong> - Launch of ASEC at the local level, strengthening community participation.<\/p>\r\n        <\/div>\r\n      <\/li>\r\n      <li class=\"mb-3 d-flex\">\r\n        <div class=\"flex-shrink-0 me-3\">\r\n          <div class=\"bg-primary rounded-circle d-flex align-items-center justify-content-center text-white fw-bold small\" style=\"width: 2rem; height: 2rem;\">.<\/div>\r\n        <\/div>\r\n        <div class=\"flex-grow-1\">\r\n          <p class=\"text-dark mb-1\"><strong>2015-Present<\/strong> - Continued development of the Connections programme of Literacy in 9 communities.<\/p>\r\n        <\/div>\r\n      <\/li>\r\n      <li class=\"mb-3 d-flex\">\r\n        <div class=\"flex-shrink-0 me-3\">\r\n          <div class=\"bg-primary rounded-circle d-flex align-items-center justify-content-center text-white fw-bold small\" style=\"width: 2rem; height: 2rem;\">.<\/div>\r\n        <\/div>\r\n        <div class=\"flex-grow-1\">\r\n          <p class=\"text-dark mb-1\"><strong>2017<\/strong> - Legalization of A World in Honduras, strengthening our commitment.<\/p>\r\n        <\/div>\r\n      <\/li>\r\n      <li class=\"mb-3 d-flex\">\r\n        <div class=\"flex-shrink-0 me-3\">\r\n          <div class=\"bg-primary rounded-circle d-flex align-items-center justify-content-center text-white fw-bold small\" style=\"width: 2rem; height: 2rem;\">.<\/div>\r\n        <\/div>\r\n        <div class=\"flex-grow-1\">\r\n          <p class=\"text-dark mb-1\"><strong>2023<\/strong> - Development of the new Strategic Plan 2023-2027, by checking our roadmap.<\/p>\r\n        <\/div>\r\n      <\/li>\r\n      <li class=\"d-flex\">\r\n        <div class=\"flex-shrink-0 me-3\">\r\n          <div class=\"bg-primary rounded-circle d-flex align-items-center justify-content-center text-white fw-bold small\" style=\"width: 2rem; height: 2rem;\">.<\/div>\r\n        <\/div>\r\n        <div class=\"flex-grow-1\">\r\n          <p class=\"text-dark mb-1\"><strong>2025<\/strong> - Construction of the Theory of Change of A World, clarifying our impact.<\/p>\r\n        <\/div>\r\n      <\/li>\r\n    <\/ul>\r\n  <\/div>\r\n<\/div>\t\t\t\t<\/div>\n\t\t\t\t<\/div>\n\t\t\t\t\t<\/div>\n\t\t\t\t<\/div>\n\t\t\t\t<\/div>","protected":false},"excerpt":{"rendered":"<p>Nuestra Trayectoria . 1991 &#8211; Llegada de Joseph Kenneth Hutz a la regi\u00f3n. (Cofundador de Un Mundo) . 1991-2001 &#8211; Trabajando en proyectos puntuales, sentando las bases de nuestra labor. . 2001 &#8211; Constituci\u00f3n legal en California y definici\u00f3n de nuestra visi\u00f3n a largo plazo. . 2008-2009 &#8211; Construcci\u00f3n de oficinas y lanzamiento de proyectos<\/p>","protected":false},"author":1,"featured_media":0,"parent":0,"menu_order":0,"comment_status":"closed","ping_status":"closed","template":"","meta":{"inline_featured_image":false,"footnotes":""},"class_list":["post-2353","page","type-page","status-publish","hentry"],"_links":{"self":[{"href":"https:\/\/unmundo.org\/en\/wp-json\/wp\/v2\/pages\/2353","targetHints":{"allow":["GET"]}}],"collection":[{"href":"https:\/\/unmundo.org\/en\/wp-json\/wp\/v2\/pages"}],"about":[{"href":"https:\/\/unmundo.org\/en\/wp-json\/wp\/v2\/types\/page"}],"author":[{"embeddable":true,"href":"https:\/\/unmundo.org\/en\/wp-json\/wp\/v2\/users\/1"}],"replies":[{"embeddable":true,"href":"https:\/\/unmundo.org\/en\/wp-json\/wp\/v2\/comments?post=2353"}],"version-history":[{"count":28,"href":"https:\/\/unmundo.org\/en\/wp-json\/wp\/v2\/pages\/2353\/revisions"}],"predecessor-version":[{"id":3041,"href":"https:\/\/unmundo.org\/en\/wp-json\/wp\/v2\/pages\/2353\/revisions\/3041"}],"wp:attachment":[{"href":"https:\/\/unmundo.org\/en\/wp-json\/wp\/v2\/media?parent=2353"}],"curies":[{"name":"wp","href":"https:\/\/api.w.org\/{rel}","templated":true}]}}

<div data-elementor-type="wp-page" data-elementor-id="2353" class="elementor elementor-2353" data-elementor-post-type="page">
				<div class="elementor-element elementor-element-c907d37 e-flex e-con-boxed e-con e-parent" data-id="c907d37" data-element_type="container">
					<div class="e-con-inner">
				<div class="elementor-element elementor-element-7ad4350 elementor-widget elementor-widget-html" data-id="7ad4350" data-element_type="widget" data-widget_type="html.default">
				<div class="elementor-widget-container">
					<div class="bg-light p-4 rounded">
  <h3 class="text-secondary fw-bold mb-3"><i class="fas fa-history text-secondary me-2"></i> Our Track Record</h3>
  <div class="position-relative">
    <div class="position-absolute top-0 start-0 ms-3 bg-primary" style="width: 2px; height: 100%;"></div>
    <ul class="list-unstyled m-0">
      <li class="mb-3 d-flex">
        <div class="flex-shrink-0 me-3">
          <div class="bg-primary rounded-circle d-flex align-items-center justify-content-center text-white fw-bold small" style="width: 2rem; height: 2rem;">.</div>
        </div>
        <div class="flex-grow-1">
          <p class="text-dark mb-1"><strong>1991</strong> - Arrival of Joseph Kenneth Hutz to the region. (Co-founder of Un Mundo)</p>
        </div>
      </li>
      <li class="mb-3 d-flex">
        <div class="flex-shrink-0 me-3">
          <div class="bg-primary rounded-circle d-flex align-items-center justify-content-center text-white fw-bold small" style="width: 2rem; height: 2rem;">.</div>
        </div>
        <div class="flex-grow-1">
          <p class="text-dark mb-1"><strong>1991-2001</strong> - Working on specific projects, laying the foundations of our work.</p>
        </div>
      </li>
      <li class="mb-3 d-flex">
        <div class="flex-shrink-0 me-3">
          <div class="bg-primary rounded-circle d-flex align-items-center justify-content-center text-white fw-bold small" style="width: 2rem; height: 2rem;">.</div>
        </div>
        <div class="flex-grow-1">
          <p class="text-dark mb-1"><strong>2001</strong> - Constitution legal in California and definition of our long-term vision.</p>
        </div>
      </li>
      <li class="mb-3 d-flex">
        <div class="flex-shrink-0 me-3">
          <div class="bg-primary rounded-circle d-flex align-items-center justify-content-center text-white fw-bold small" style="width: 2rem; height: 2rem;">.</div>
        </div>
        <div class="flex-grow-1">
          <p class="text-dark mb-1"><strong>2008-2009</strong> - Construction of offices and launched new projects key: Institute Elvira Pineda Madrid, Women, Arte_Río, ASEC and Library.</p>
        </div>
      </li>
      <li class="mb-3 d-flex">
        <div class="flex-shrink-0 me-3">
          <div class="bg-primary rounded-circle d-flex align-items-center justify-content-center text-white fw-bold small" style="width: 2rem; height: 2rem;">.</div>
        </div>
        <div class="flex-grow-1">
          <p class="text-dark mb-1"><strong>2010-2014</strong> - Transición de liderazgo local y nuevos proyectos: Parteras, Nuevos Horizontes, Sistema de Agua y Bibliobandido.</p>
        </div>
      </li>
      <li class="mb-3 d-flex">
        <div class="flex-shrink-0 me-3">
          <div class="bg-primary rounded-circle d-flex align-items-center justify-content-center text-white fw-bold small" style="width: 2rem; height: 2rem;">.</div>
        </div>
        <div class="flex-grow-1">
          <p class="text-dark mb-1"><strong>2014</strong> - Launch of ASEC at the local level, strengthening community participation.</p>
        </div>
      </li>
      <li class="mb-3 d-flex">
        <div class="flex-shrink-0 me-3">
          <div class="bg-primary rounded-circle d-flex align-items-center justify-content-center text-white fw-bold small" style="width: 2rem; height: 2rem;">.</div>
        </div>
        <div class="flex-grow-1">
          <p class="text-dark mb-1"><strong>2015-Present</strong> - Continued development of the Connections programme of Literacy in 9 communities.</p>
        </div>
      </li>
      <li class="mb-3 d-flex">
        <div class="flex-shrink-0 me-3">
          <div class="bg-primary rounded-circle d-flex align-items-center justify-content-center text-white fw-bold small" style="width: 2rem; height: 2rem;">.</div>
        </div>
        <div class="flex-grow-1">
          <p class="text-dark mb-1"><strong>2017</strong> - Legalization of A World in Honduras, strengthening our commitment.</p>
        </div>
      </li>
      <li class="mb-3 d-flex">
        <div class="flex-shrink-0 me-3">
          <div class="bg-primary rounded-circle d-flex align-items-center justify-content-center text-white fw-bold small" style="width: 2rem; height: 2rem;">.</div>
        </div>
        <div class="flex-grow-1">
          <p class="text-dark mb-1"><strong>2023</strong> - Development of the new Strategic Plan 2023-2027, by checking our roadmap.</p>
        </div>
      </li>
      <li class="d-flex">
        <div class="flex-shrink-0 me-3">
          <div class="bg-primary rounded-circle d-flex align-items-center justify-content-center text-white fw-bold small" style="width: 2rem; height: 2rem;">.</div>
        </div>
        <div class="flex-grow-1">
          <p class="text-dark mb-1"><strong>2025</strong> - Construction of the Theory of Change of A World, clarifying our impact.</p>
        </div>
      </li>
    </ul>
  </div>
</div>				</div>
				</div>
					</div>
				</div>
				</div>

<p>Nuestra Trayectoria . 1991 &#8211; Llegada de Joseph Kenneth Hutz a la región. (Cofundador de Un Mundo) . 1991-2001 &#8211; Trabajando en proyectos puntuales, sentando las bases de nuestra labor. . 2001 &#8211; Constitución legal en California y definición de nuestra visión a largo plazo. . 2008-2009 &#8211; Construcción de oficinas y lanzamiento de proyectos</p>
